{"id":173,"date":"2016-07-16T22:12:08","date_gmt":"2016-07-16T20:12:08","guid":{"rendered":"http:\/\/psychotropes.info\/wordpress\/?page_id=173"},"modified":"2016-07-16T22:46:49","modified_gmt":"2016-07-16T20:46:49","slug":"11-printemps-1996","status":"publish","type":"page","link":"https:\/\/psychotropes.info\/wordpress\/mon-temoignage\/11-printemps-1996\/","title":{"rendered":"11. Printemps 1996"},"content":{"rendered":"<p>Printemps 1996<\/p>\n<p>Depuis le mois de septembre 1995, je suivais des cours \u00e0 la facult\u00e9 des sciences de l&rsquo;Universit\u00e9 de Lausanne. Quelques mois apr\u00e8s le d\u00e9but de cette rentr\u00e9e universitaire, je souffris de l&rsquo;arr\u00eat de la prise des m\u00e9dicaments qui m&rsquo;avaient \u00e9t\u00e9 prescrits \u00e0 Nant.<\/p>\n<p>Suite \u00e0 cet \u00e9tat de manque, je me retrouvais \u00e0 nouveau suivie par un psychiatre, mais cette fois dans un cabinet priv\u00e9 et non plus en clinique psychiatrique.<\/p>\n<p>Ce psychiatre, un am\u00e9ricain, me prescrit de l&rsquo;Effexor \u00e0 la place des neuroleptiques que je devais prendre depuis mon passage en unit\u00e9 psychiatrique ambulatoire.<\/p>\n<p>Ce psychiatre voulait \u00e9galement me d\u00e9clarer invalide \u00e0 100%. Je ne savais pas si c&rsquo;\u00e9tait \u00e0 cause du co\u00fbt des traitements ou tout simplement parce qu&rsquo;il consid\u00e9rait r\u00e9ellement que j&rsquo;\u00e9tais malade qu&rsquo;il voulait prendre de telles mesures.<\/p>\n<p>Quoiqu&rsquo;il en soit, au printemps 1996, ann\u00e9e de mes 20 ans, je devenais renti\u00e8re AI \u00e0 100%.<\/p>\n<p>Au mois de juin de cette ann\u00e9e-l\u00e0, allaient avoir lieu les examens cl\u00f4turant ma premi\u00e8re ann\u00e9e de cours en biologie \u00e0 l&rsquo;Universit\u00e9.<\/p>\n<p>Tout au long de l&rsquo;ann\u00e9e, j&rsquo;avais assist\u00e9 avec assiduit\u00e9 aux cours et aux travaux pratiques. Ma camarade de TP et moi, n&rsquo;avions obtenus que des A \u00e0 nos rapports de travaux pratiques. Il faut dire qu&rsquo;un de mes amis qui m&rsquo;avait d\u00e9j\u00e0 aid\u00e9e \u00e0 rattraper mon retard en derni\u00e8re ann\u00e9e de gymnase, m&rsquo;aidait \u00e0 bien comprendre le contenu du TP avant que l&rsquo;on doive le r\u00e9aliser ma \u00ab\u00a0bin\u00f4me\u00a0\u00bb et moi. Cet ami ne suivait pas des cours \u00e0 l&rsquo;Universit\u00e9, mais avait entrepris un cursus en section m\u00e9canique \u00e0 l&rsquo;EPFL (Ecole Polytechnique F\u00e9d\u00e9rale de Lausanne).<\/p>\n<p>Ainsi nous nous voyions lui et moi pendant les pauses de midi ou apr\u00e8s les cours et il m&rsquo;aidait \u00e0 pr\u00e9parer la partie th\u00e9orique des travaux pratiques. Parfois, il m&rsquo;aidait aussi en math\u00e9matique ou en physique. Gr\u00e2ce \u00e0 ce soutien tr\u00e8s pr\u00e9cieux, j&rsquo;arrivais \u00e0 int\u00e9grer le contenu des cours rapidement et ce malgr\u00e9 mes lacunes.<\/p>\n<p>En fait, j&rsquo;avais accumul\u00e9 du retard en math\u00e9matiques, en physique et en chimie au cours de mes ann\u00e9es d&rsquo;\u00e9tudes dans le secondaire.<\/p>\n<p>En effet, depuis la 6\u00e8me ann\u00e9e scolaire, je n&rsquo;avais plus accord\u00e9 beaucoup de temps \u00e0 l&rsquo;\u00e9cole, j&rsquo;avais pr\u00e9f\u00e9r\u00e9 passer du temps avec une bande de copines. Nous \u00e9tions cinq filles, toutes dans la m\u00eame classe. On s&rsquo;entendait merveilleusement bien et on avait d\u00e9cid\u00e9 que l&rsquo;\u00e9cole s&rsquo;\u00e9tait une perte de temps.<\/p>\n<p>J&rsquo;avais pass\u00e9 des moments g\u00e9niaux en compagnie de ces filles, car elles m&rsquo;acceptaient comme j&rsquo;\u00e9tais c&rsquo;est-\u00e0-dire non-fumeuse, non-buveuse et qui ne se droguait pas. Elles, elles buvaient, fumaient et se droguaient, mais elles ne m&rsquo;obligeaient pas \u00e0 le faire.<\/p>\n<p>Ensemble, nous faisions les quatre cents coups et notre amiti\u00e9 grandissait \u00e0 chaque b\u00eatise.<\/p>\n<p>Nous passions tellement de temps entre nous, que nos notes n&rsquo;ont fait que baisser depuis la 6\u00e8me ann\u00e9e scolaire. Ainsi, en 9\u00e8me ann\u00e9e, deux d&rsquo;entre nous se retrouv\u00e8rent en \u00e9chec scolaire et les trois autres eurent juste la moyenne. J&rsquo;\u00e9tais une des deux filles en \u00e9chec et je redoublais donc en compagnie d&rsquo;une amie. Parmi les trois autres, deux d\u00e9cid\u00e8rent de faire un apprentissage et la derni\u00e8re poursuivit ses \u00e9tudes en allant au gymnase.<\/p>\n<p>Le fait de redoubl\u00e9 m&rsquo;ennuyait, mais je d\u00e9cidais que c&rsquo;\u00e9tait l&rsquo;occasion de rattraper le retard que j&rsquo;avais accumul\u00e9 depuis plus de trois ans. J&rsquo;arr\u00eatais donc les sorties avec ces quatre amies et je me mis \u00e0 \u00e9tudier pendant tous mes temps libres.<\/p>\n<p>Ce fut \u00e9galement dans cet \u00e9tat d&rsquo;esprit que je commen\u00e7ais le gymnase l&rsquo;ann\u00e9e suivante apr\u00e8s avoir r\u00e9ussi ma neuvi\u00e8me et derni\u00e8re ann\u00e9e scolaire obligatoire.<\/p>\n<p>J&rsquo;arrivais donc \u00e0 l&rsquo;Universit\u00e9 avec encore quelques lacunes, mais qui \u00e9taient insignifiantes. Je les comblais facilement gr\u00e2ce \u00e0 l&rsquo;aide de cet ami qui m&rsquo;\u00e9paulait depuis l&rsquo;ann\u00e9e pr\u00e9c\u00e9dente (ann\u00e9e du bac).<\/p>\n<p>J&rsquo;avais fourni beaucoup d&rsquo;efforts depuis quelques ann\u00e9es pour rattraper le retard accumul\u00e9 dans le secondaire et \u00e7a avait enfin pay\u00e9: j&rsquo;\u00e9tais tout \u00e0 fait \u00e0 niveau et mes camarades de cours en biologie venaient souvent me demander de l&rsquo;aide quand ils ne comprenaient pas quelque chose.<\/p>\n<p>La seule chose qui me freinait dans mes \u00e9tudes, c&rsquo;\u00e9tait le traitement m\u00e9dicamenteux que je devais prendre et les s\u00e9ances de psychoth\u00e9rapie avec le psychiatre am\u00e9ricain.<\/p>\n<p>Une grande partie de mon \u00e9nergie passait dans mon combat contre ces traitements psychiatriques.<\/p>\n<p>Je menais en fait deux vies en parall\u00e8le. Une vie d&rsquo;\u00e9tudiante \u00e0 l&rsquo;Universit\u00e9 et une vie de malade mentale invalide qui devait suivre un traitement psychiatrique. J&rsquo;essayais de bien cloisonner les deux afin que la psychiatrie ne vienne pas g\u00e2cher ma vie estudiantine.<\/p>\n<p>Mais c&rsquo;\u00e9tait difficile, car dans ces deux mondes diam\u00e9tralement oppos\u00e9s, les gens avaient une image de moi bien diff\u00e9rente. Ainsi, \u00e0 l&rsquo;Universit\u00e9, j&rsquo;\u00e9tais une \u00e9tudiante comme toutes les autres, qui assistait avec assiduit\u00e9 aux cours et qui \u00e9tait toujours pr\u00eate \u00e0 donner un coup de main. Alors que dans l&rsquo;univers psychiatrique, j&rsquo;\u00e9tais consid\u00e9r\u00e9e comme une malade mentale qui ne voulait pas voir \u00e0 quel point elle \u00e9tait atteinte.<\/p>\n<p>C&rsquo;\u00e9tait tr\u00e8s dur d&rsquo;\u00eatre consid\u00e9r\u00e9e comme une moins que rien par le psychiatre qui me suivait. Apr\u00e8s chaque entretien, je me sentais incomprise et rabaiss\u00e9e et je me mettais \u00e0 douter de plus en plus de ma sant\u00e9 mentale.<\/p>\n<p>A chaque rendez-vous, je doutais de plus en plus de mes capacit\u00e9s, ce qui fit que lorsque les examens arriv\u00e8rent, je n&rsquo;avais plus aucune confiance en moi.<\/p>\n<p>Le premier examen, examen de chimie organique, finit d&rsquo;achever mon capital confiance. Moi qui connaissais par coeur le support de cours de cette branche, je me retrouvais devant des questions qui n&rsquo;avaient rien \u00e0 voir avec le contenu du cours.<\/p>\n<p>Mes camarades m&rsquo;avaient dit quelques semaines avant le d\u00e9but des examens, que pour l&rsquo;examen de chimie organique, il fallait apprendre par coeur les r\u00e9ponses des \u00e9preuves des cinq ann\u00e9es pr\u00e9c\u00e9dentes. Je m&rsquo;\u00e9tais donc procur\u00e9 ces fameuses \u00e9preuves, mais comme leur contenu n&rsquo;avait rien \u00e0 voir avec ce que nous avions vu pendant les cours, je me dis qu&rsquo;ils s&rsquo;\u00e9taient certainement tromp\u00e9s et que l&rsquo;examen porterait sur le livre que le professeur nous avait indiqu\u00e9 comme support de cours.<\/p>\n<p>J&rsquo;avais donc appris quasiment par coeur le contenu de ce livre et aucunes des questions de cet examen de chimie organique ne portait sur ce que j&rsquo;avais r\u00e9vis\u00e9.<\/p>\n<p>Le d\u00e9calage entre ce que le professeur avait enseign\u00e9 au cours et ce qu&rsquo;il demandait \u00e0 l&rsquo;examen me fit perdre pied.<\/p>\n<p>Je me pr\u00e9sentais aux autres examens en \u00e9tant compl\u00e8tement d\u00e9boussol\u00e9e et j&rsquo;\u00e9chouais mon ann\u00e9e.<\/p>\n<p>Au d\u00e9but de cet \u00e9t\u00e9 1996, tout un pan de ma vie venait de s&rsquo;\u00e9crouler.<\/p>\n<p>Tout ce que je voyais alors, c&rsquo;\u00e9tait que j&rsquo;\u00e9tais incapable de r\u00e9ussir quoi que ce soit. J&rsquo;avais \u00e9chou\u00e9 \u00e0 l&rsquo;\u00e9cole (\u00e9chec en 9\u00e8me ann\u00e9e), au gymnase (anxi\u00e9t\u00e9 qui m&rsquo;avait conduite en psychiatrie) et maintenant \u00e0 l&rsquo;Universit\u00e9. Je commen\u00e7ais \u00e0 me dire que peut-\u00eatre le psychiatre avait raison, que je ne serai jamais normale et que c&rsquo;\u00e9tait lui qui avait vu juste en me d\u00e9clarant invalide \u00e0 100%.<\/p>\n<p>Peut-\u00eatre fallait-il que j&rsquo;accepte que je ne serai jamais comme les autres et que cela venait d&rsquo;une maladie mentale comme me le disaient les psychiatres depuis deux ans?<\/p>\n<div align=\"right\"><a href=\"https:\/\/psychotropes.info\/wordpress\/mon-temoignage\/12-ete-1996\/\">12. Et\u00e9 1996<\/a><\/div>\n","protected":false},"excerpt":{"rendered":"<p>Printemps 1996 Depuis le mois de septembre 1995, je suivais des cours \u00e0 la facult\u00e9 des sciences de l&rsquo;Universit\u00e9 de Lausanne. Quelques mois apr\u00e8s le d\u00e9but de cette rentr\u00e9e universitaire, je souffris de l&rsquo;arr\u00eat de la prise des m\u00e9dicaments qui m&rsquo;avaient \u00e9t\u00e9 prescrits \u00e0 Nant. Suite \u00e0 cet \u00e9tat de manque, je me retrouvais \u00e0 [&hellip;]<\/p>\n","protected":false},"author":1,"featured_media":0,"parent":19,"menu_order":11,"comment_status":"closed","ping_status":"closed","template":"","meta":{"_bbp_topic_count":0,"_bbp_reply_count":0,"_bbp_total_topic_count":0,"_bbp_total_reply_count":0,"_bbp_voice_count":0,"_bbp_anonymous_reply_count":0,"_bbp_topic_count_hidden":0,"_bbp_reply_count_hidden":0,"_bbp_forum_subforum_count":0,"footnotes":""},"class_list":["post-173","page","type-page","status-publish","hentry"],"_links":{"self":[{"href":"https:\/\/psychotropes.info\/wordpress\/wp-json\/wp\/v2\/pages\/173","targetHints":{"allow":["GET"]}}],"collection":[{"href":"https:\/\/psychotropes.info\/wordpress\/wp-json\/wp\/v2\/pages"}],"about":[{"href":"https:\/\/psychotropes.info\/wordpress\/wp-json\/wp\/v2\/types\/page"}],"author":[{"embeddable":true,"href":"https:\/\/psychotropes.info\/wordpress\/wp-json\/wp\/v2\/users\/1"}],"replies":[{"embeddable":true,"href":"https:\/\/psychotropes.info\/wordpress\/wp-json\/wp\/v2\/comments?post=173"}],"version-history":[{"count":2,"href":"https:\/\/psychotropes.info\/wordpress\/wp-json\/wp\/v2\/pages\/173\/revisions"}],"predecessor-version":[{"id":229,"href":"https:\/\/psychotropes.info\/wordpress\/wp-json\/wp\/v2\/pages\/173\/revisions\/229"}],"up":[{"embeddable":true,"href":"https:\/\/psychotropes.info\/wordpress\/wp-json\/wp\/v2\/pages\/19"}],"wp:attachment":[{"href":"https:\/\/psychotropes.info\/wordpress\/wp-json\/wp\/v2\/media?parent=173"}],"curies":[{"name":"wp","href":"https:\/\/api.w.org\/{rel}","templated":true}]}}

<p>Printemps 1996</p>
<p>Depuis le mois de septembre 1995, je suivais des cours à la faculté des sciences de l&rsquo;Université de Lausanne. Quelques mois après le début de cette rentrée universitaire, je souffris de l&rsquo;arrêt de la prise des médicaments qui m&rsquo;avaient été prescrits à Nant.</p>
<p>Suite à cet état de manque, je me retrouvais à nouveau suivie par un psychiatre, mais cette fois dans un cabinet privé et non plus en clinique psychiatrique.</p>
<p>Ce psychiatre, un américain, me prescrit de l&rsquo;Effexor à la place des neuroleptiques que je devais prendre depuis mon passage en unité psychiatrique ambulatoire.</p>
<p>Ce psychiatre voulait également me déclarer invalide à 100%. Je ne savais pas si c&rsquo;était à cause du coût des traitements ou tout simplement parce qu&rsquo;il considérait réellement que j&rsquo;étais malade qu&rsquo;il voulait prendre de telles mesures.</p>
<p>Quoiqu&rsquo;il en soit, au printemps 1996, année de mes 20 ans, je devenais rentière AI à 100%.</p>
<p>Au mois de juin de cette année-là, allaient avoir lieu les examens clôturant ma première année de cours en biologie à l&rsquo;Université.</p>
<p>Tout au long de l&rsquo;année, j&rsquo;avais assisté avec assiduité aux cours et aux travaux pratiques. Ma camarade de TP et moi, n&rsquo;avions obtenus que des A à nos rapports de travaux pratiques. Il faut dire qu&rsquo;un de mes amis qui m&rsquo;avait déjà aidée à rattraper mon retard en dernière année de gymnase, m&rsquo;aidait à bien comprendre le contenu du TP avant que l&rsquo;on doive le réaliser ma « binôme » et moi. Cet ami ne suivait pas des cours à l&rsquo;Université, mais avait entrepris un cursus en section mécanique à l&rsquo;EPFL (Ecole Polytechnique Fédérale de Lausanne).</p>
<p>Ainsi nous nous voyions lui et moi pendant les pauses de midi ou après les cours et il m&rsquo;aidait à préparer la partie théorique des travaux pratiques. Parfois, il m&rsquo;aidait aussi en mathématique ou en physique. Grâce à ce soutien très précieux, j&rsquo;arrivais à intégrer le contenu des cours rapidement et ce malgré mes lacunes.</p>
<p>En fait, j&rsquo;avais accumulé du retard en mathématiques, en physique et en chimie au cours de mes années d&rsquo;études dans le secondaire.</p>
<p>En effet, depuis la 6ème année scolaire, je n&rsquo;avais plus accordé beaucoup de temps à l&rsquo;école, j&rsquo;avais préféré passer du temps avec une bande de copines. Nous étions cinq filles, toutes dans la même classe. On s&rsquo;entendait merveilleusement bien et on avait décidé que l&rsquo;école s&rsquo;était une perte de temps.</p>
<p>J&rsquo;avais passé des moments géniaux en compagnie de ces filles, car elles m&rsquo;acceptaient comme j&rsquo;étais c&rsquo;est-à-dire non-fumeuse, non-buveuse et qui ne se droguait pas. Elles, elles buvaient, fumaient et se droguaient, mais elles ne m&rsquo;obligeaient pas à le faire.</p>
<p>Ensemble, nous faisions les quatre cents coups et notre amitié grandissait à chaque bêtise.</p>
<p>Nous passions tellement de temps entre nous, que nos notes n&rsquo;ont fait que baisser depuis la 6ème année scolaire. Ainsi, en 9ème année, deux d&rsquo;entre nous se retrouvèrent en échec scolaire et les trois autres eurent juste la moyenne. J&rsquo;étais une des deux filles en échec et je redoublais donc en compagnie d&rsquo;une amie. Parmi les trois autres, deux décidèrent de faire un apprentissage et la dernière poursuivit ses études en allant au gymnase.</p>
<p>Le fait de redoublé m&rsquo;ennuyait, mais je décidais que c&rsquo;était l&rsquo;occasion de rattraper le retard que j&rsquo;avais accumulé depuis plus de trois ans. J&rsquo;arrêtais donc les sorties avec ces quatre amies et je me mis à étudier pendant tous mes temps libres.</p>
<p>Ce fut également dans cet état d&rsquo;esprit que je commençais le gymnase l&rsquo;année suivante après avoir réussi ma neuvième et dernière année scolaire obligatoire.</p>
<p>J&rsquo;arrivais donc à l&rsquo;Université avec encore quelques lacunes, mais qui étaient insignifiantes. Je les comblais facilement grâce à l&rsquo;aide de cet ami qui m&rsquo;épaulait depuis l&rsquo;année précédente (année du bac).</p>
<p>J&rsquo;avais fourni beaucoup d&rsquo;efforts depuis quelques années pour rattraper le retard accumulé dans le secondaire et ça avait enfin payé: j&rsquo;étais tout à fait à niveau et mes camarades de cours en biologie venaient souvent me demander de l&rsquo;aide quand ils ne comprenaient pas quelque chose.</p>
<p>La seule chose qui me freinait dans mes études, c&rsquo;était le traitement médicamenteux que je devais prendre et les séances de psychothérapie avec le psychiatre américain.</p>
<p>Une grande partie de mon énergie passait dans mon combat contre ces traitements psychiatriques.</p>
<p>Je menais en fait deux vies en parallèle. Une vie d&rsquo;étudiante à l&rsquo;Université et une vie de malade mentale invalide qui devait suivre un traitement psychiatrique. J&rsquo;essayais de bien cloisonner les deux afin que la psychiatrie ne vienne pas gâcher ma vie estudiantine.</p>
<p>Mais c&rsquo;était difficile, car dans ces deux mondes diamétralement opposés, les gens avaient une image de moi bien différente. Ainsi, à l&rsquo;Université, j&rsquo;étais une étudiante comme toutes les autres, qui assistait avec assiduité aux cours et qui était toujours prête à donner un coup de main. Alors que dans l&rsquo;univers psychiatrique, j&rsquo;étais considérée comme une malade mentale qui ne voulait pas voir à quel point elle était atteinte.</p>
<p>C&rsquo;était très dur d&rsquo;être considérée comme une moins que rien par le psychiatre qui me suivait. Après chaque entretien, je me sentais incomprise et rabaissée et je me mettais à douter de plus en plus de ma santé mentale.</p>
<p>A chaque rendez-vous, je doutais de plus en plus de mes capacités, ce qui fit que lorsque les examens arrivèrent, je n&rsquo;avais plus aucune confiance en moi.</p>
<p>Le premier examen, examen de chimie organique, finit d&rsquo;achever mon capital confiance. Moi qui connaissais par coeur le support de cours de cette branche, je me retrouvais devant des questions qui n&rsquo;avaient rien à voir avec le contenu du cours.</p>
<p>Mes camarades m&rsquo;avaient dit quelques semaines avant le début des examens, que pour l&rsquo;examen de chimie organique, il fallait apprendre par coeur les réponses des épreuves des cinq années précédentes. Je m&rsquo;étais donc procuré ces fameuses épreuves, mais comme leur contenu n&rsquo;avait rien à voir avec ce que nous avions vu pendant les cours, je me dis qu&rsquo;ils s&rsquo;étaient certainement trompés et que l&rsquo;examen porterait sur le livre que le professeur nous avait indiqué comme support de cours.</p>
<p>J&rsquo;avais donc appris quasiment par coeur le contenu de ce livre et aucunes des questions de cet examen de chimie organique ne portait sur ce que j&rsquo;avais révisé.</p>
<p>Le décalage entre ce que le professeur avait enseigné au cours et ce qu&rsquo;il demandait à l&rsquo;examen me fit perdre pied.</p>
<p>Je me présentais aux autres examens en étant complètement déboussolée et j&rsquo;échouais mon année.</p>
<p>Au début de cet été 1996, tout un pan de ma vie venait de s&rsquo;écrouler.</p>
<p>Tout ce que je voyais alors, c&rsquo;était que j&rsquo;étais incapable de réussir quoi que ce soit. J&rsquo;avais échoué à l&rsquo;école (échec en 9ème année), au gymnase (anxiété qui m&rsquo;avait conduite en psychiatrie) et maintenant à l&rsquo;Université. Je commençais à me dire que peut-être le psychiatre avait raison, que je ne serai jamais normale et que c&rsquo;était lui qui avait vu juste en me déclarant invalide à 100%.</p>
<p>Peut-être fallait-il que j&rsquo;accepte que je ne serai jamais comme les autres et que cela venait d&rsquo;une maladie mentale comme me le disaient les psychiatres depuis deux ans?</p>
<div align="right"><a href="https://psychotropes.info/wordpress/mon-temoignage/12-ete-1996/">12. Eté 1996</a></div>

<p>Printemps 1996 Depuis le mois de septembre 1995, je suivais des cours à la faculté des sciences de l&rsquo;Université de Lausanne. Quelques mois après le début de cette rentrée universitaire, je souffris de l&rsquo;arrêt de la prise des médicaments qui m&rsquo;avaient été prescrits à Nant. Suite à cet état de manque, je me retrouvais à [&hellip;]</p>
