{"id":188,"date":"2016-07-16T22:19:26","date_gmt":"2016-07-16T20:19:26","guid":{"rendered":"http:\/\/psychotropes.info\/wordpress\/?page_id=188"},"modified":"2016-07-16T22:51:52","modified_gmt":"2016-07-16T20:51:52","slug":"16-coup-de-grace","status":"publish","type":"page","link":"https:\/\/psychotropes.info\/wordpress\/mon-temoignage\/16-coup-de-grace\/","title":{"rendered":"16. Coup de gr\u00e2ce"},"content":{"rendered":"<p>Ann\u00e9e 2005<\/p>\n<p>Depuis trois ans, ma vie s&rsquo;\u00e9tait comme arr\u00eat\u00e9e. Je n&rsquo;avais plus de force et je commen\u00e7ais \u00e0 baisser les bras face \u00e0 cette psychiatrie qui m&rsquo;avait assujettie \u00e0 ses traitements m\u00e9dicamenteux.<\/p>\n<p>En cette ann\u00e9e 2005, j&rsquo;allais f\u00eater mes 29 ans et mes 11 ans de psychiatrie.<\/p>\n<p>Ma vie n&rsquo;avait plus de sens. Je ne comprenais plus rien de ce qui m&rsquo;arrivait, tout m&rsquo;\u00e9chappait.<\/p>\n<p>Je vivais sans vivre.<\/p>\n<p>C&rsquo;est au printemps de cette ann\u00e9e que j&rsquo;appris que mon p\u00e8re souffrait d&rsquo;un cancer.<\/p>\n<p>Malheureusement, lorsque sa maladie fut d\u00e9tect\u00e9e, il \u00e9tait d\u00e9j\u00e0 trop tard pour le soigner. Ainsi, quelques mois plus tard, l&rsquo;\u00e9tat de mon p\u00e8re se d\u00e9grada tr\u00e8s vite et il dut \u00eatre hospitalis\u00e9 en soins palliatifs.<\/p>\n<p>Ce fut un coup tr\u00e8s dur pour moi.<\/p>\n<p>Comme cela faisait d\u00e9j\u00e0 plusieurs ann\u00e9es que je n&rsquo;arrivais plus \u00e0 supporter les douleurs dues aux effets secondaires et au manque g\u00e9n\u00e9r\u00e9s par ma d\u00e9pendance aux m\u00e9dicaments psychiatriques, je ne fis plus d&rsquo;efforts pour contr\u00f4ler ma prise en cette p\u00e9riode tr\u00e8s difficile.<\/p>\n<p>Ainsi d\u00e8s que le manque se faisait sentir, je prenais un comprim\u00e9.<\/p>\n<p>Je n&rsquo;avais pas la force de supporter l&rsquo;agonie de mon p\u00e8re et les souffrances dues au manque.<\/p>\n<p>Durant les quelques mois que passa mon p\u00e8re dans le service de soins palliatifs de Rive-Neuve, je ne portais aucune attention au nombre de comprim\u00e9s que je prenais. Tout ce qui m&rsquo;importait, c&rsquo;\u00e9tait de me sentir bien pour pouvoir accompagner mon p\u00e8re dans cette lente agonie.<\/p>\n<p>Je voulais \u00eatre forte pour pouvoir l&rsquo;aider et le soutenir, donc je ne voulais pas \u00eatre g\u00ean\u00e9e par mes probl\u00e8mes de manque.<\/p>\n<p>Je passais ainsi plusieurs mois au chevet de mon p\u00e8re.<\/p>\n<p>D\u00e8s que je rentrais chez moi, je prenais un Tranxilium pour me calmer. J&rsquo;en prenais un deuxi\u00e8me avant d&rsquo;aller dormir. Le lendemain, j&rsquo;en reprenais un en me levant pour pouvoir affronter le journ\u00e9e et finalement, j&rsquo;en prenais un dernier \u00e0 midi pour pouvoir aller voir mon p\u00e8re dans l&rsquo;apr\u00e8s-midi.<\/p>\n<p>Cette routine dura jusqu&rsquo;au 14 novembre 2005, date \u00e0 laquelle mon p\u00e8re d\u00e9c\u00e9da.<\/p>\n<p>A la fin de cette ann\u00e9e 2005, je n&rsquo;\u00e9tais plus que l&rsquo;ombre de moi-m\u00eame. Je venais de perdre mon p\u00e8re et maintenant, je devais affronter les probl\u00e8mes li\u00e9s \u00e0 la succession.<\/p>\n<p>Tout cela \u00e9tait tr\u00e8s dur \u00e0 supporter. Les bagarres entre les h\u00e9ritiers, les passages devant le tribunal des successions, etc&#8230;<\/p>\n<p>A nouveau, je n&rsquo;eus pas la force d&rsquo;ajouter \u00e0 tout cela, les souffrances dues au manque.<\/p>\n<p>Donc, \u00e0 nouveau, je ne fis aucunement attention au nombre de comprim\u00e9s que je prenais. D\u00e8s que le manque se faisait sentir, j&rsquo;avalais un Tranxilium.<\/p>\n<p>Ainsi au printemps de l&rsquo;ann\u00e9e 2006, je prenais cinq comprim\u00e9s par jour.<\/p>\n<p>La tol\u00e9rance que j&rsquo;avais d\u00e9velopp\u00e9e \u00e0 cette substance augmentait de fa\u00e7on exponentielle.<\/p>\n<p>A la fin de l&rsquo;ann\u00e9e 2006, je prenais jusqu&rsquo;\u00e0 six Tranxilium par jour.<\/p>\n<p>Je n&rsquo;arrivais plus \u00e0 me concentrer, je perdais progressivement ma m\u00e9moire \u00e0 court terme et je commen\u00e7ais \u00e9galement \u00e0 tenir des discours incoh\u00e9rents.<\/p>\n<p>Je passais mes journ\u00e9es au lit. Je dormais jusqu&rsquo;\u00e0 vingt heures par jour. Les effets secondaires s&rsquo;\u00e9taient amplifi\u00e9s \u00e0 un tel point que je souffrais en continu.<\/p>\n<p>Les douleurs psychiques \u00e9taient telles que je me coupais les avants-bras pour les apaiser. Le fait de souffrir physiquement calmait momentan\u00e9ment les souffrances psychologiques.<\/p>\n<p>Cette p\u00e9riode de ma vie fut sans doute la plus p\u00e9nible. Je me voyais sombrer encore plus dans la d\u00e9pendance sans pouvoir trouver la force d&rsquo;en sortir.<\/p>\n<p>Je ne voulais pas mourir comme cela. Je ne voulais pas que la psychiatrie ait raison de moi.<\/p>\n<p>Mais comment m&rsquo;en sortir? Comment faire pour arr\u00eater de prendre ces satan\u00e9s m\u00e9dicaments puisque aucun m\u00e9decin ne voulait m&rsquo;aider \u00e0 entamer une proc\u00e9dure de sevrage? Comment trouver la force de lutter seule face \u00e0 cette d\u00e9pendance tenace?<\/p>\n<p>J&rsquo;\u00e9tais plus bas que jamais aussi bien physiquement que psychologiquement. Je ne savais pas comment allait se pr\u00e9senter l&rsquo;avenir, ni m\u00eame s&rsquo;il y allait avoir un avenir pour moi.<\/p>\n<p>Comment se projeter dans le futur, quand la seule chose qui importe est de savoir quand on pourra enfin prendre sa prochaine dose pour calmer la morsure du manque?<\/p>\n<p>Comment s&rsquo;imaginer vivre autrement quand cela fait plus d&rsquo;une dizaine d&rsquo;ann\u00e9es que tout tourne autour de ces satan\u00e9es substances?<\/p>\n<p>Comment s&rsquo;affranchir d&rsquo;elles alors que tout est fait pour que l&rsquo;on reste accro?<\/p>\n<p>A la fin de cette ann\u00e9e 2006, je ne nourrissais plus aucun espoir de libert\u00e9 et je me laissais d\u00e9river au bon gr\u00e9 de cette omnipr\u00e9sente psychiatrie&#8230;.<\/p>\n<div align=\"right\"><a href=\"https:\/\/psychotropes.info\/wordpress\/mon-temoignage\/17-reactions-paradoxales\/\">17. R\u00e9actions paradoxales<\/a><\/div>\n","protected":false},"excerpt":{"rendered":"<p>Ann\u00e9e 2005 Depuis trois ans, ma vie s&rsquo;\u00e9tait comme arr\u00eat\u00e9e. Je n&rsquo;avais plus de force et je commen\u00e7ais \u00e0 baisser les bras face \u00e0 cette psychiatrie qui m&rsquo;avait assujettie \u00e0 ses traitements m\u00e9dicamenteux. En cette ann\u00e9e 2005, j&rsquo;allais f\u00eater mes 29 ans et mes 11 ans de psychiatrie. Ma vie n&rsquo;avait plus de sens. Je [&hellip;]<\/p>\n","protected":false},"author":1,"featured_media":0,"parent":19,"menu_order":16,"comment_status":"closed","ping_status":"closed","template":"","meta":{"_bbp_topic_count":0,"_bbp_reply_count":0,"_bbp_total_topic_count":0,"_bbp_total_reply_count":0,"_bbp_voice_count":0,"_bbp_anonymous_reply_count":0,"_bbp_topic_count_hidden":0,"_bbp_reply_count_hidden":0,"_bbp_forum_subforum_count":0,"footnotes":""},"class_list":["post-188","page","type-page","status-publish","hentry"],"_links":{"self":[{"href":"https:\/\/psychotropes.info\/wordpress\/wp-json\/wp\/v2\/pages\/188","targetHints":{"allow":["GET"]}}],"collection":[{"href":"https:\/\/psychotropes.info\/wordpress\/wp-json\/wp\/v2\/pages"}],"about":[{"href":"https:\/\/psychotropes.info\/wordpress\/wp-json\/wp\/v2\/types\/page"}],"author":[{"embeddable":true,"href":"https:\/\/psychotropes.info\/wordpress\/wp-json\/wp\/v2\/users\/1"}],"replies":[{"embeddable":true,"href":"https:\/\/psychotropes.info\/wordpress\/wp-json\/wp\/v2\/comments?post=188"}],"version-history":[{"count":2,"href":"https:\/\/psychotropes.info\/wordpress\/wp-json\/wp\/v2\/pages\/188\/revisions"}],"predecessor-version":[{"id":235,"href":"https:\/\/psychotropes.info\/wordpress\/wp-json\/wp\/v2\/pages\/188\/revisions\/235"}],"up":[{"embeddable":true,"href":"https:\/\/psychotropes.info\/wordpress\/wp-json\/wp\/v2\/pages\/19"}],"wp:attachment":[{"href":"https:\/\/psychotropes.info\/wordpress\/wp-json\/wp\/v2\/media?parent=188"}],"curies":[{"name":"wp","href":"https:\/\/api.w.org\/{rel}","templated":true}]}}

16. Coup de grâce

<p>Année 2005</p>
<p>Depuis trois ans, ma vie s&rsquo;était comme arrêtée. Je n&rsquo;avais plus de force et je commençais à baisser les bras face à cette psychiatrie qui m&rsquo;avait assujettie à ses traitements médicamenteux.</p>
<p>En cette année 2005, j&rsquo;allais fêter mes 29 ans et mes 11 ans de psychiatrie.</p>
<p>Ma vie n&rsquo;avait plus de sens. Je ne comprenais plus rien de ce qui m&rsquo;arrivait, tout m&rsquo;échappait.</p>
<p>Je vivais sans vivre.</p>
<p>C&rsquo;est au printemps de cette année que j&rsquo;appris que mon père souffrait d&rsquo;un cancer.</p>
<p>Malheureusement, lorsque sa maladie fut détectée, il était déjà trop tard pour le soigner. Ainsi, quelques mois plus tard, l&rsquo;état de mon père se dégrada très vite et il dut être hospitalisé en soins palliatifs.</p>
<p>Ce fut un coup très dur pour moi.</p>
<p>Comme cela faisait déjà plusieurs années que je n&rsquo;arrivais plus à supporter les douleurs dues aux effets secondaires et au manque générés par ma dépendance aux médicaments psychiatriques, je ne fis plus d&rsquo;efforts pour contrôler ma prise en cette période très difficile.</p>
<p>Ainsi dès que le manque se faisait sentir, je prenais un comprimé.</p>
<p>Je n&rsquo;avais pas la force de supporter l&rsquo;agonie de mon père et les souffrances dues au manque.</p>
<p>Durant les quelques mois que passa mon père dans le service de soins palliatifs de Rive-Neuve, je ne portais aucune attention au nombre de comprimés que je prenais. Tout ce qui m&rsquo;importait, c&rsquo;était de me sentir bien pour pouvoir accompagner mon père dans cette lente agonie.</p>
<p>Je voulais être forte pour pouvoir l&rsquo;aider et le soutenir, donc je ne voulais pas être gênée par mes problèmes de manque.</p>
<p>Je passais ainsi plusieurs mois au chevet de mon père.</p>
<p>Dès que je rentrais chez moi, je prenais un Tranxilium pour me calmer. J&rsquo;en prenais un deuxième avant d&rsquo;aller dormir. Le lendemain, j&rsquo;en reprenais un en me levant pour pouvoir affronter le journée et finalement, j&rsquo;en prenais un dernier à midi pour pouvoir aller voir mon père dans l&rsquo;après-midi.</p>
<p>Cette routine dura jusqu&rsquo;au 14 novembre 2005, date à laquelle mon père décéda.</p>
<p>A la fin de cette année 2005, je n&rsquo;étais plus que l&rsquo;ombre de moi-même. Je venais de perdre mon père et maintenant, je devais affronter les problèmes liés à la succession.</p>
<p>Tout cela était très dur à supporter. Les bagarres entre les héritiers, les passages devant le tribunal des successions, etc&#8230;</p>
<p>A nouveau, je n&rsquo;eus pas la force d&rsquo;ajouter à tout cela, les souffrances dues au manque.</p>
<p>Donc, à nouveau, je ne fis aucunement attention au nombre de comprimés que je prenais. Dès que le manque se faisait sentir, j&rsquo;avalais un Tranxilium.</p>
<p>Ainsi au printemps de l&rsquo;année 2006, je prenais cinq comprimés par jour.</p>
<p>La tolérance que j&rsquo;avais développée à cette substance augmentait de façon exponentielle.</p>
<p>A la fin de l&rsquo;année 2006, je prenais jusqu&rsquo;à six Tranxilium par jour.</p>
<p>Je n&rsquo;arrivais plus à me concentrer, je perdais progressivement ma mémoire à court terme et je commençais également à tenir des discours incohérents.</p>
<p>Je passais mes journées au lit. Je dormais jusqu&rsquo;à vingt heures par jour. Les effets secondaires s&rsquo;étaient amplifiés à un tel point que je souffrais en continu.</p>
<p>Les douleurs psychiques étaient telles que je me coupais les avants-bras pour les apaiser. Le fait de souffrir physiquement calmait momentanément les souffrances psychologiques.</p>
<p>Cette période de ma vie fut sans doute la plus pénible. Je me voyais sombrer encore plus dans la dépendance sans pouvoir trouver la force d&rsquo;en sortir.</p>
<p>Je ne voulais pas mourir comme cela. Je ne voulais pas que la psychiatrie ait raison de moi.</p>
<p>Mais comment m&rsquo;en sortir? Comment faire pour arrêter de prendre ces satanés médicaments puisque aucun médecin ne voulait m&rsquo;aider à entamer une procédure de sevrage? Comment trouver la force de lutter seule face à cette dépendance tenace?</p>
<p>J&rsquo;étais plus bas que jamais aussi bien physiquement que psychologiquement. Je ne savais pas comment allait se présenter l&rsquo;avenir, ni même s&rsquo;il y allait avoir un avenir pour moi.</p>
<p>Comment se projeter dans le futur, quand la seule chose qui importe est de savoir quand on pourra enfin prendre sa prochaine dose pour calmer la morsure du manque?</p>
<p>Comment s&rsquo;imaginer vivre autrement quand cela fait plus d&rsquo;une dizaine d&rsquo;années que tout tourne autour de ces satanées substances?</p>
<p>Comment s&rsquo;affranchir d&rsquo;elles alors que tout est fait pour que l&rsquo;on reste accro?</p>
<p>A la fin de cette année 2006, je ne nourrissais plus aucun espoir de liberté et je me laissais dériver au bon gré de cette omniprésente psychiatrie&#8230;.</p>
<div align="right"><a href="https://psychotropes.info/wordpress/mon-temoignage/17-reactions-paradoxales/">17. Réactions paradoxales</a></div>

<p>Année 2005 Depuis trois ans, ma vie s&rsquo;était comme arrêtée. Je n&rsquo;avais plus de force et je commençais à baisser les bras face à cette psychiatrie qui m&rsquo;avait assujettie à ses traitements médicamenteux. En cette année 2005, j&rsquo;allais fêter mes 29 ans et mes 11 ans de psychiatrie. Ma vie n&rsquo;avait plus de sens. Je [&hellip;]</p>
