{"id":209,"date":"2016-07-16T22:36:11","date_gmt":"2016-07-16T20:36:11","guid":{"rendered":"http:\/\/psychotropes.info\/wordpress\/?page_id=209"},"modified":"2016-07-16T22:55:33","modified_gmt":"2016-07-16T20:55:33","slug":"23-prolongement-des-symptomes-de-sevrage","status":"publish","type":"page","link":"https:\/\/psychotropes.info\/wordpress\/mon-temoignage\/23-prolongement-des-symptomes-de-sevrage\/","title":{"rendered":"23. Prolongement des sympt\u00f4mes de sevrage"},"content":{"rendered":"<p>D\u00e9but de l&rsquo;ann\u00e9e 2009, six mois apr\u00e8s le sevrage.<\/p>\n<p>En ce mois de janvier 2009, je ressentais toujours les effets du sevrage. Certes, mes angoisses s&rsquo;\u00e9taient un peu amenuis\u00e9es et beaucoup de choses s&rsquo;\u00e9taient am\u00e9lior\u00e9es comme mon bruxisme (ma m\u00e2choire s&rsquo;\u00e9tait enfin rel\u00e2ch\u00e9e ), mais je n&rsquo;\u00e9tais toujours pas bien.<\/p>\n<p>Physiquement, les sympt\u00f4mes de grippe avaient \u00e9galement un peu diminu\u00e9s gr\u00e2ce \u00e0 la pratique de sport.<\/p>\n<p>Je r\u00e9ussis \u00e0 me rendre dans un fitness non-loin de chez moi deux fois par semaine et \u00e7a m&rsquo;aida beaucoup. En plus de me soulager un peu de mes sympt\u00f4mes de sevrage prolong\u00e9 tels que les raideurs musculaires et la tension nerveuse, cela me permis de reprendre contact avec le monde r\u00e9el.<\/p>\n<p>Passer plusieurs ann\u00e9es recluse dans mon appartement, m&rsquo;avait fait perdre le contact avec la soci\u00e9t\u00e9 et avec les gens.<\/p>\n<p>Bien s\u00fbr, cela n&rsquo;\u00e9tait pas facile de sentir leurs regards un peu surpris par l&rsquo;abondance de ma transpiration lors des s\u00e9ances de fitness, mais j&rsquo;essayais de me dire qu&rsquo;ils ne me jugeaient pas la-dessus.<\/p>\n<p>Quoiqu&rsquo;il en f\u00fbt, l&rsquo;exercice physique me permit d&rsquo;att\u00e9nuer mes sympt\u00f4mes et je continuais avec entrain \u00e0 me rendre \u00e0 la salle de sport. M\u00eame mes douleurs dorsales s&rsquo;apais\u00e8rent, j&rsquo;avais moins mal au dos et surtout \u00e0 la nuque.<\/p>\n<p>Je commen\u00e7ais \u00e9galement \u00e0 manger diff\u00e9remment, car depuis le d\u00e9but de mon sevrage en automne 2007 je ne m&rsquo;\u00e9tais nourrie que de produits laitiers et de c\u00e9r\u00e9ales, car rien d&rsquo;autre ne passait.<\/p>\n<p>Je me remis donc \u00e0 manger des l\u00e9gumes et de la viande et \u00e0 boire du caf\u00e9 et du coca light.<\/p>\n<p>Tout se passa bien jusqu&rsquo;en ao\u00fbt 2009 o\u00f9 subitement je fus terrass\u00e9e par une s\u00e9rie d&rsquo;attaques de panique. J&rsquo;essayais tant bien que mal de ne pas me laisser envahir par l&rsquo;angoisse, mais je n&rsquo;y parvins pas.<\/p>\n<p>Avec ce retour d&rsquo;anxi\u00e9t\u00e9, j&rsquo;eus de plus en plus de mal \u00e0 supporter les douleurs physiques toujours pr\u00e9sentes.<\/p>\n<p>En plus de cette rechute, je dus faire face \u00e0 un d\u00e9m\u00e9nagement. Certes cela faisait longtemps que mon conjoint et moi cherchions une nouvelle maison, mais l\u00e0, \u00e7a n&rsquo;\u00e9tait pas le moment. Avec ce retour d&rsquo;angoisses, je n&rsquo;\u00e9tais pas au meilleur de ma forme pour changer d&rsquo;environnement. Au mois de novembre 2009, nous d\u00e9m\u00e9nagions dans notre nouvelle maison. Je n&rsquo;eus pas la force de me rendre \u00e0 la salle de sport et je me retrouvais \u00e0 nouveau enferm\u00e9e chez moi \u00e0 cause de mon agoraphobie.<\/p>\n<p>Les sympt\u00f4mes de sevrage prolong\u00e9 se rappel\u00e8rent avec force \u00e0 mon bon souvenir.<\/p>\n<p>A nouveau je me retrouvais dans cet \u00e9tat semi-grippal. Les tensions musculaires \u00e9taient fortes, les su\u00e9es abondantes et les probl\u00e8mes gastro-intestinaux tr\u00e8s pr\u00e9sents.<\/p>\n<p>Mon sommeil \u00e9tait peupl\u00e9 des r\u00eaves \u00e9tranges, presque r\u00e9els, ce qui m&rsquo;angoissait beaucoup. J&rsquo;appris plus tard que la plupart des psychotropes suppriment une des phases du sommeil et qu&rsquo;\u00e0 l&rsquo;arr\u00eat de ceux-ci cette phase revient et se manifeste par le retour des r\u00eaves et des souvenirs. C&rsquo;est en fait les branchements dans le cerveau qui se refont et permettent d&rsquo;avoir \u00e0 nouveau acc\u00e8s \u00e0 la m\u00e9moire et plus particuli\u00e8rement aux souvenirs.<\/p>\n<p>Mes sens \u00e9taient aussi en \u00e9bullition. J&rsquo;avais beaucoup d&rsquo;acouph\u00e8nes, je voyais encore un peu plus les contrastes et je ressentais des sensations bizarres tout le long de ma peau ( fasciculations, fourmillements, d\u00e9charges \u00e9lectriques,&#8230;).<\/p>\n<p>Toutes ces sensations me perturb\u00e8rent \u00e9norm\u00e9ment et surtout m&rsquo;angoiss\u00e8rent.<\/p>\n<p>Toute cette angoisse ne faisait qu&rsquo;alimenter mon agoraphobie et je faisais jusqu&rsquo;\u00e0 cinq attaques de panique par jour.<\/p>\n<p>Pendant plusieurs mois, de novembre 2009 \u00e0 avril 2010, je v\u00e9cus dans la peur, l&rsquo;angoisse et la terreur. Une nouvelle d\u00e9pression fit son apparition et j&rsquo;eus de plus en plus d&rsquo;id\u00e9es noires. Je ne me voyais plus d&rsquo;avenir, car malgr\u00e9 le fait que je ne consommais plus d&rsquo;antid\u00e9presseurs ni d&rsquo;anxiolytiques et encore moins de neuroleptiques, je ressentais toujours leurs effets secondaires sous la forme du syndrome de sevrage prolong\u00e9 et mes peurs en avaient \u00e9t\u00e9 d\u00e9cupl\u00e9es. Je ne me sentais pas capable de supporter cette angoisse permanente toute ma vie.<\/p>\n<p>Il fallait que je trouve une solution pour me soulager de cette anxi\u00e9t\u00e9 avant qu&rsquo;elle ne me pousse \u00e0 commettre l&rsquo;irr\u00e9parable.<\/p>\n<p>Bien \u00e9videmment, je songeais tout de suite \u00e0 la solution de facilit\u00e9: reprendre des m\u00e9dicaments psychiatriques!<\/p>\n<p>Mais avais-je le droit de g\u00e2cher tous mes efforts pour les arr\u00eater en en reprenant maintenant avant d&rsquo;\u00eatre absolument s\u00fbre qu&rsquo;il n&rsquo;existe pas d&rsquo;autres moyens de lutter contre ces angoisses?<\/p>\n<p>Non, je n&rsquo;avais pas le droit de replonger, je devais trouver une autre solution.<\/p>\n<p>Je cherchais donc des personnes aptes \u00e0 m&rsquo;aider, les psychiatres n&rsquo;en faisant pas partie, je me tournais vers les psychologues.<\/p>\n<p>Au cours de mes lectures, j&rsquo;avais constat\u00e9 que nombre de personnes angoiss\u00e9es qui avaient entam\u00e9 une th\u00e9rapie cognitive et comportementale avaient obtenu de bons r\u00e9sultats.<\/p>\n<p>Je me dis que je devais chercher une solution de ce c\u00f4t\u00e9 l\u00e0.<\/p>\n<p>Je trouvais l&rsquo;adresse d&rsquo;une psychologue sp\u00e9cialiste des troubles panique et pratiquant la th\u00e9rapie cognitive et comportementale non-loin de mon nouveau domicile.<\/p>\n<p>Apr\u00e8s avoir pris rendez-vous, je me rendis \u00e0 sa consultation. Elle me parut tr\u00e8s comp\u00e9tente, malgr\u00e9 sa tendance \u00e0 me pousser \u00e0 consulter son m\u00e9decin de mari pour des bilans sanguins. Je refusais d&rsquo;ailleurs imm\u00e9diatement de le voir pour la simple et bonne raison que je n&rsquo;avais pas les moyens de le payer \u00e0 cause des termes de mon assurance maladie qui stipulaient le nom du m\u00e9decin g\u00e9n\u00e9raliste chez qui je devais me rendre. Cette clause (choisir un m\u00e9decin de r\u00e9f\u00e9rence) m&rsquo;avait permis de faire baisser mes primes, ce qui m&rsquo;\u00e9tait d&rsquo;une grande utilit\u00e9 depuis qu&rsquo;on m&rsquo;avait retir\u00e9 mes prestations compl\u00e9mentaires qui payaient tous mes frais m\u00e9dicaux.<\/p>\n<p>Malheureusement, \u00e0 cause de mes attaques de panique, je n&rsquo;arrivais pas \u00e0 me rendre seule aux consultations de cette psychologue. Je devais demander \u00e0 mon conjoint de m&rsquo;y conduire et en ce mois de mai 2010, il avait tr\u00e8s peu de temps. Il me dit de reprendre rendez-vous au mois de juillet afin qu&rsquo;il ait plus de temps pour m&rsquo;y amener.<\/p>\n<p>Je t\u00e9l\u00e9phonais donc \u00e0 la psychologue pour annuler mon deuxi\u00e8me rendez-vous auquel mon conjoint ne pouvait pas m&#8217;emmener et pour lui demander de me refixer un ou plusieurs rendez-vous au mois de juillet. A ma grande surprise elle s&rsquo;\u00e9nerva et me dit que je devais faire un effort pour venir \u00e0 des rendez-vous r\u00e9guliers \u00e0 partir de maintenant sinon elle ne m&rsquo;aiderait pas.<\/p>\n<p>Je me dis que pour une sp\u00e9cialiste des attaques de panique et de l&rsquo;agoraphobie, elle devait bien mal conna\u00eetre son sujet pour ne pas comprendre que j&rsquo;avais une peur panique de sortir seule de chez moi.<\/p>\n<p>Je ne repris pas de rendez-vous&#8230;<\/p>\n<p>Je me retrouvais de nouveau au point de d\u00e9part: O\u00f9 trouver de l&rsquo;aide pour vaincre mon angoisse et mon agoraphobie?<\/p>\n<p>Bien que compl\u00e8tement abattue, je me remis \u00e0 la recherche d&rsquo;une solution.<\/p>\n<div align=\"right\"><a href=\"https:\/\/psychotropes.info\/wordpress\/mon-temoignage\/24-la-methode-de-geert\/\">24. La m\u00e9thode de Geert<\/a><\/div>\n<p>&nbsp;<\/p>\n<hr \/>\n<p>D\u00e9finition Wikip\u00e9dia:<\/p>\n<p>Les th\u00e9rapies cognitivo-comportementales (TCC) regroupent un ensemble de traitements des troubles psychiques (phobies, addictions, psychoses, d\u00e9pressions, troubles anxieux) qui partagent une approche selon laquelle la th\u00e9rapeutique doit \u00eatre bas\u00e9e les connaissances scientifiques issues de la psychologie exp\u00e9rimentale et ob\u00e9ir \u00e0 des protocoles relativement standardis\u00e9s. Les TCC ont pour particularit\u00e9 de s&rsquo;attaquer aux difficult\u00e9s du patient dans \u00ab\u00a0l&rsquo;ici et maintenant\u00a0\u00bb par des exercices pratiques centr\u00e9s sur les sympt\u00f4mes observables au travers du comportement et par l&rsquo;accompagnement par le th\u00e9rapeute qui vise \u00e0 intervenir sur les processus mentaux dits aussi processus cognitifs, conscients ou non, consid\u00e9r\u00e9s comme \u00e0 l&rsquo;origine des \u00e9motions et de leurs d\u00e9sordres. La standardisation de la pratique des TCC a contribu\u00e9 \u00e0 la reconnaissance de leur efficacit\u00e9 par leur caract\u00e8re reproductible qui est une des exigences de la d\u00e9marche scientifique.<\/p>\n","protected":false},"excerpt":{"rendered":"<p>D\u00e9but de l&rsquo;ann\u00e9e 2009, six mois apr\u00e8s le sevrage. En ce mois de janvier 2009, je ressentais toujours les effets du sevrage. Certes, mes angoisses s&rsquo;\u00e9taient un peu amenuis\u00e9es et beaucoup de choses s&rsquo;\u00e9taient am\u00e9lior\u00e9es comme mon bruxisme (ma m\u00e2choire s&rsquo;\u00e9tait enfin rel\u00e2ch\u00e9e ), mais je n&rsquo;\u00e9tais toujours pas bien. Physiquement, les sympt\u00f4mes de grippe [&hellip;]<\/p>\n","protected":false},"author":1,"featured_media":0,"parent":19,"menu_order":23,"comment_status":"closed","ping_status":"closed","template":"","meta":{"_bbp_topic_count":0,"_bbp_reply_count":0,"_bbp_total_topic_count":0,"_bbp_total_reply_count":0,"_bbp_voice_count":0,"_bbp_anonymous_reply_count":0,"_bbp_topic_count_hidden":0,"_bbp_reply_count_hidden":0,"_bbp_forum_subforum_count":0,"footnotes":""},"class_list":["post-209","page","type-page","status-publish","hentry"],"_links":{"self":[{"href":"https:\/\/psychotropes.info\/wordpress\/wp-json\/wp\/v2\/pages\/209","targetHints":{"allow":["GET"]}}],"collection":[{"href":"https:\/\/psychotropes.info\/wordpress\/wp-json\/wp\/v2\/pages"}],"about":[{"href":"https:\/\/psychotropes.info\/wordpress\/wp-json\/wp\/v2\/types\/page"}],"author":[{"embeddable":true,"href":"https:\/\/psychotropes.info\/wordpress\/wp-json\/wp\/v2\/users\/1"}],"replies":[{"embeddable":true,"href":"https:\/\/psychotropes.info\/wordpress\/wp-json\/wp\/v2\/comments?post=209"}],"version-history":[{"count":2,"href":"https:\/\/psychotropes.info\/wordpress\/wp-json\/wp\/v2\/pages\/209\/revisions"}],"predecessor-version":[{"id":242,"href":"https:\/\/psychotropes.info\/wordpress\/wp-json\/wp\/v2\/pages\/209\/revisions\/242"}],"up":[{"embeddable":true,"href":"https:\/\/psychotropes.info\/wordpress\/wp-json\/wp\/v2\/pages\/19"}],"wp:attachment":[{"href":"https:\/\/psychotropes.info\/wordpress\/wp-json\/wp\/v2\/media?parent=209"}],"curies":[{"name":"wp","href":"https:\/\/api.w.org\/{rel}","templated":true}]}}

23. Prolongement des symptômes de sevrage

<p>Début de l&rsquo;année 2009, six mois après le sevrage.</p>
<p>En ce mois de janvier 2009, je ressentais toujours les effets du sevrage. Certes, mes angoisses s&rsquo;étaient un peu amenuisées et beaucoup de choses s&rsquo;étaient améliorées comme mon bruxisme (ma mâchoire s&rsquo;était enfin relâchée ), mais je n&rsquo;étais toujours pas bien.</p>
<p>Physiquement, les symptômes de grippe avaient également un peu diminués grâce à la pratique de sport.</p>
<p>Je réussis à me rendre dans un fitness non-loin de chez moi deux fois par semaine et ça m&rsquo;aida beaucoup. En plus de me soulager un peu de mes symptômes de sevrage prolongé tels que les raideurs musculaires et la tension nerveuse, cela me permis de reprendre contact avec le monde réel.</p>
<p>Passer plusieurs années recluse dans mon appartement, m&rsquo;avait fait perdre le contact avec la société et avec les gens.</p>
<p>Bien sûr, cela n&rsquo;était pas facile de sentir leurs regards un peu surpris par l&rsquo;abondance de ma transpiration lors des séances de fitness, mais j&rsquo;essayais de me dire qu&rsquo;ils ne me jugeaient pas la-dessus.</p>
<p>Quoiqu&rsquo;il en fût, l&rsquo;exercice physique me permit d&rsquo;atténuer mes symptômes et je continuais avec entrain à me rendre à la salle de sport. Même mes douleurs dorsales s&rsquo;apaisèrent, j&rsquo;avais moins mal au dos et surtout à la nuque.</p>
<p>Je commençais également à manger différemment, car depuis le début de mon sevrage en automne 2007 je ne m&rsquo;étais nourrie que de produits laitiers et de céréales, car rien d&rsquo;autre ne passait.</p>
<p>Je me remis donc à manger des légumes et de la viande et à boire du café et du coca light.</p>
<p>Tout se passa bien jusqu&rsquo;en août 2009 où subitement je fus terrassée par une série d&rsquo;attaques de panique. J&rsquo;essayais tant bien que mal de ne pas me laisser envahir par l&rsquo;angoisse, mais je n&rsquo;y parvins pas.</p>
<p>Avec ce retour d&rsquo;anxiété, j&rsquo;eus de plus en plus de mal à supporter les douleurs physiques toujours présentes.</p>
<p>En plus de cette rechute, je dus faire face à un déménagement. Certes cela faisait longtemps que mon conjoint et moi cherchions une nouvelle maison, mais là, ça n&rsquo;était pas le moment. Avec ce retour d&rsquo;angoisses, je n&rsquo;étais pas au meilleur de ma forme pour changer d&rsquo;environnement. Au mois de novembre 2009, nous déménagions dans notre nouvelle maison. Je n&rsquo;eus pas la force de me rendre à la salle de sport et je me retrouvais à nouveau enfermée chez moi à cause de mon agoraphobie.</p>
<p>Les symptômes de sevrage prolongé se rappelèrent avec force à mon bon souvenir.</p>
<p>A nouveau je me retrouvais dans cet état semi-grippal. Les tensions musculaires étaient fortes, les suées abondantes et les problèmes gastro-intestinaux très présents.</p>
<p>Mon sommeil était peuplé des rêves étranges, presque réels, ce qui m&rsquo;angoissait beaucoup. J&rsquo;appris plus tard que la plupart des psychotropes suppriment une des phases du sommeil et qu&rsquo;à l&rsquo;arrêt de ceux-ci cette phase revient et se manifeste par le retour des rêves et des souvenirs. C&rsquo;est en fait les branchements dans le cerveau qui se refont et permettent d&rsquo;avoir à nouveau accès à la mémoire et plus particulièrement aux souvenirs.</p>
<p>Mes sens étaient aussi en ébullition. J&rsquo;avais beaucoup d&rsquo;acouphènes, je voyais encore un peu plus les contrastes et je ressentais des sensations bizarres tout le long de ma peau ( fasciculations, fourmillements, décharges électriques,&#8230;).</p>
<p>Toutes ces sensations me perturbèrent énormément et surtout m&rsquo;angoissèrent.</p>
<p>Toute cette angoisse ne faisait qu&rsquo;alimenter mon agoraphobie et je faisais jusqu&rsquo;à cinq attaques de panique par jour.</p>
<p>Pendant plusieurs mois, de novembre 2009 à avril 2010, je vécus dans la peur, l&rsquo;angoisse et la terreur. Une nouvelle dépression fit son apparition et j&rsquo;eus de plus en plus d&rsquo;idées noires. Je ne me voyais plus d&rsquo;avenir, car malgré le fait que je ne consommais plus d&rsquo;antidépresseurs ni d&rsquo;anxiolytiques et encore moins de neuroleptiques, je ressentais toujours leurs effets secondaires sous la forme du syndrome de sevrage prolongé et mes peurs en avaient été décuplées. Je ne me sentais pas capable de supporter cette angoisse permanente toute ma vie.</p>
<p>Il fallait que je trouve une solution pour me soulager de cette anxiété avant qu&rsquo;elle ne me pousse à commettre l&rsquo;irréparable.</p>
<p>Bien évidemment, je songeais tout de suite à la solution de facilité: reprendre des médicaments psychiatriques!</p>
<p>Mais avais-je le droit de gâcher tous mes efforts pour les arrêter en en reprenant maintenant avant d&rsquo;être absolument sûre qu&rsquo;il n&rsquo;existe pas d&rsquo;autres moyens de lutter contre ces angoisses?</p>
<p>Non, je n&rsquo;avais pas le droit de replonger, je devais trouver une autre solution.</p>
<p>Je cherchais donc des personnes aptes à m&rsquo;aider, les psychiatres n&rsquo;en faisant pas partie, je me tournais vers les psychologues.</p>
<p>Au cours de mes lectures, j&rsquo;avais constaté que nombre de personnes angoissées qui avaient entamé une thérapie cognitive et comportementale avaient obtenu de bons résultats.</p>
<p>Je me dis que je devais chercher une solution de ce côté là.</p>
<p>Je trouvais l&rsquo;adresse d&rsquo;une psychologue spécialiste des troubles panique et pratiquant la thérapie cognitive et comportementale non-loin de mon nouveau domicile.</p>
<p>Après avoir pris rendez-vous, je me rendis à sa consultation. Elle me parut très compétente, malgré sa tendance à me pousser à consulter son médecin de mari pour des bilans sanguins. Je refusais d&rsquo;ailleurs immédiatement de le voir pour la simple et bonne raison que je n&rsquo;avais pas les moyens de le payer à cause des termes de mon assurance maladie qui stipulaient le nom du médecin généraliste chez qui je devais me rendre. Cette clause (choisir un médecin de référence) m&rsquo;avait permis de faire baisser mes primes, ce qui m&rsquo;était d&rsquo;une grande utilité depuis qu&rsquo;on m&rsquo;avait retiré mes prestations complémentaires qui payaient tous mes frais médicaux.</p>
<p>Malheureusement, à cause de mes attaques de panique, je n&rsquo;arrivais pas à me rendre seule aux consultations de cette psychologue. Je devais demander à mon conjoint de m&rsquo;y conduire et en ce mois de mai 2010, il avait très peu de temps. Il me dit de reprendre rendez-vous au mois de juillet afin qu&rsquo;il ait plus de temps pour m&rsquo;y amener.</p>
<p>Je téléphonais donc à la psychologue pour annuler mon deuxième rendez-vous auquel mon conjoint ne pouvait pas m&#8217;emmener et pour lui demander de me refixer un ou plusieurs rendez-vous au mois de juillet. A ma grande surprise elle s&rsquo;énerva et me dit que je devais faire un effort pour venir à des rendez-vous réguliers à partir de maintenant sinon elle ne m&rsquo;aiderait pas.</p>
<p>Je me dis que pour une spécialiste des attaques de panique et de l&rsquo;agoraphobie, elle devait bien mal connaître son sujet pour ne pas comprendre que j&rsquo;avais une peur panique de sortir seule de chez moi.</p>
<p>Je ne repris pas de rendez-vous&#8230;</p>
<p>Je me retrouvais de nouveau au point de départ: Où trouver de l&rsquo;aide pour vaincre mon angoisse et mon agoraphobie?</p>
<p>Bien que complètement abattue, je me remis à la recherche d&rsquo;une solution.</p>
<div align="right"><a href="https://psychotropes.info/wordpress/mon-temoignage/24-la-methode-de-geert/">24. La méthode de Geert</a></div>
<p>&nbsp;</p>
<hr />
<p>Définition Wikipédia:</p>
<p>Les thérapies cognitivo-comportementales (TCC) regroupent un ensemble de traitements des troubles psychiques (phobies, addictions, psychoses, dépressions, troubles anxieux) qui partagent une approche selon laquelle la thérapeutique doit être basée les connaissances scientifiques issues de la psychologie expérimentale et obéir à des protocoles relativement standardisés. Les TCC ont pour particularité de s&rsquo;attaquer aux difficultés du patient dans « l&rsquo;ici et maintenant » par des exercices pratiques centrés sur les symptômes observables au travers du comportement et par l&rsquo;accompagnement par le thérapeute qui vise à intervenir sur les processus mentaux dits aussi processus cognitifs, conscients ou non, considérés comme à l&rsquo;origine des émotions et de leurs désordres. La standardisation de la pratique des TCC a contribué à la reconnaissance de leur efficacité par leur caractère reproductible qui est une des exigences de la démarche scientifique.</p>

<p>Début de l&rsquo;année 2009, six mois après le sevrage. En ce mois de janvier 2009, je ressentais toujours les effets du sevrage. Certes, mes angoisses s&rsquo;étaient un peu amenuisées et beaucoup de choses s&rsquo;étaient améliorées comme mon bruxisme (ma mâchoire s&rsquo;était enfin relâchée ), mais je n&rsquo;étais toujours pas bien. Physiquement, les symptômes de grippe [&hellip;]</p>
